{"id":28140,"date":"2025-07-04T06:49:49","date_gmt":"2025-07-04T06:49:49","guid":{"rendered":"https:\/\/riowater.com.tr\/?post_type=product&#038;p=28140"},"modified":"2025-07-18T19:18:23","modified_gmt":"2025-07-18T19:18:23","slug":"3-yonlu-su-aritma-muslugu","status":"publish","type":"product","link":"https:\/\/riowater.com.tr\/index.php\/urun\/3-yonlu-su-aritma-muslugu\/","title":{"rendered":"3 Y\u00f6nl\u00fc Su Ar\u0131tma Muslu\u011fu"},"content":{"rendered":"","protected":false},"excerpt":{"rendered":"","protected":false},"featured_media":28141,"comment_status":"open","ping_status":"closed","template":"","meta":[],"product_brand":[110],"product_cat":[37],"product_tag":[117],"class_list":{"0":"post-28140","1":"product","2":"type-product","3":"status-publish","4":"has-post-thumbnail","6":"product_brand-rio-water","7":"product_cat-musluklar","8":"product_tag-3-yonlu-su-aritma-muslugu","10":"first","11":"instock","12":"shipping-taxable","13":"purchasable","14":"product-type-simple"},"_links":{"self":[{"href":"https:\/\/riowater.com.tr\/index.php\/wp-json\/wp\/v2\/product\/28140","targetHints":{"allow":["GET"]}}],"collection":[{"href":"https:\/\/riowater.com.tr\/index.php\/wp-json\/wp\/v2\/product"}],"about":[{"href":"https:\/\/riowater.com.tr\/index.php\/wp-json\/wp\/v2\/types\/product"}],"replies":[{"embeddable":true,"href":"https:\/\/riowater.com.tr\/index.php\/wp-json\/wp\/v2\/comments?post=28140"}],"version-history":[{"count":1,"href":"https:\/\/riowater.com.tr\/index.php\/wp-json\/wp\/v2\/product\/28140\/revisions"}],"predecessor-version":[{"id":28142,"href":"https:\/\/riowater.com.tr\/index.php\/wp-json\/wp\/v2\/product\/28140\/revisions\/28142"}],"wp:featuredmedia":[{"embeddable":true,"href":"https:\/\/riowater.com.tr\/index.php\/wp-json\/wp\/v2\/media\/28141"}],"wp:attachment":[{"href":"https:\/\/riowater.com.tr\/index.php\/wp-json\/wp\/v2\/media?parent=28140"}],"wp:term":[{"taxonomy":"product_brand","embeddable":true,"href":"https:\/\/riowater.com.tr\/index.php\/wp-json\/wp\/v2\/product_brand?post=28140"},{"taxonomy":"product_cat","embeddable":true,"href":"https:\/\/riowater.com.tr\/index.php\/wp-json\/wp\/v2\/product_cat?post=28140"},{"taxonomy":"product_tag","embeddable":true,"href":"https:\/\/riowater.com.tr\/index.php\/wp-json\/wp\/v2\/product_tag?post=28140"}],"curies":[{"name":"wp","href":"https:\/\/api.w.org\/{rel}","templated":true}]}}