{"id":28025,"date":"2025-06-25T21:18:40","date_gmt":"2025-06-25T21:18:40","guid":{"rendered":"https:\/\/riowater.com.tr\/?post_type=product&#038;p=28025"},"modified":"2025-07-18T19:23:50","modified_gmt":"2025-07-18T19:23:50","slug":"takcevir-yesil-elit-5-asamali-su-aritma-cihazi-pompali","status":"publish","type":"product","link":"https:\/\/riowater.com.tr\/index.php\/urun\/takcevir-yesil-elit-5-asamali-su-aritma-cihazi-pompali\/","title":{"rendered":"Tak\u00e7evir Ye\u015fil Elit 5 A\u015famal\u0131 Su Ar\u0131tma Cihaz\u0131 &#8211; Pompal\u0131"},"content":{"rendered":"\t\t<div data-elementor-type=\"wp-post\" data-elementor-id=\"28025\" class=\"elementor elementor-28025\">\n\t\t\t\t<div class=\"wd-negative-gap elementor-element elementor-element-3171f4f e-flex e-con-boxed e-con e-parent\" data-id=\"3171f4f\" data-element_type=\"container\" data-e-type=\"container\">\n\t\t\t\t\t<div class=\"e-con-inner\">\n\t\t<div class=\"elementor-element elementor-element-03880f6 e-con-full e-flex e-con e-child\" data-id=\"03880f6\" data-element_type=\"container\" data-e-type=\"container\">\n\t\t\t\t<div class=\"elementor-element elementor-element-649444a elementor-widget elementor-widget-wd_text_block\" data-id=\"649444a\" data-element_type=\"widget\" data-e-type=\"widget\" data-widget_type=\"wd_text_block.default\">\n\t\t\t\t<div class=\"elementor-widget-container\">\n\t\t\t\t\t\t\t<div class=\"wd-text-block reset-last-child text-left\">\n\t\t\t\n\t\t\t<p><strong>1 a\u015fama (Tak\u00e7evir) Sediment 5.mikron Filtre <\/strong><br \/><strong>2 a\u015fama (Tak\u00e7evir) GAC Karbon Filtre ( Coconut )<\/strong><br \/><strong>3 a\u015fama (Tak\u00e7evir) CTO Karbon Filtre ( Coconut )<\/strong><br \/><strong>4 a\u015fama 80 GPD Vontron Membran Filtre <\/strong><br \/><strong>5 a\u015fama (Tak\u00e7evir) Silver Post Karbon Filtre ( Antibakteriyel G\u00fcm\u00fc\u015f)<\/strong><br \/><strong>3.2 Galon 12 litre Su Ar\u0131tma Tank 304 Paslanmaz Musluk<\/strong><br \/><strong>Ka\u00e7ak Su Sensor\u00fc <\/strong><br \/><strong>Hat Alma Ba\u011flant\u0131 Par\u00e7alar\u0131<\/strong><br \/><strong>24V 100 GPD Pompa<\/strong><br \/><strong>100 GPD Adapt\u00f6r<\/strong><\/p>\n\t\t\t\t\t<\/div>\n\t\t\t\t\t\t<\/div>\n\t\t\t\t<\/div>\n\t\t\t\t<\/div>\n\t\t<div class=\"elementor-element elementor-element-a58d158 e-con-full e-flex e-con e-child\" data-id=\"a58d158\" data-element_type=\"container\" data-e-type=\"container\">\n\t\t\t\t<div class=\"elementor-element elementor-element-12b60ad elementor-widget elementor-widget-image\" data-id=\"12b60ad\" data-element_type=\"widget\" data-e-type=\"widget\" data-widget_type=\"image.default\">\n\t\t\t\t<div class=\"elementor-widget-container\">\n\t\t\t\t\t\t\t\t\t\t\t\t\t\t\t<img fetchpriority=\"high\" decoding=\"async\" width=\"763\" height=\"373\" src=\"https:\/\/riowater.com.tr\/wp-content\/uploads\/2021\/08\/wooden-single-drawer-2-1-1.webp\" class=\"attachment-large size-large wp-image-27906\" alt=\"\" srcset=\"https:\/\/riowater.com.tr\/wp-content\/uploads\/2021\/08\/wooden-single-drawer-2-1-1.webp 763w, https:\/\/riowater.com.tr\/wp-content\/uploads\/2021\/08\/wooden-single-drawer-2-1-1-400x196.webp 400w, https:\/\/riowater.com.tr\/wp-content\/uploads\/2021\/08\/wooden-single-drawer-2-1-1-430x210.webp 430w, https:\/\/riowater.com.tr\/wp-content\/uploads\/2021\/08\/wooden-single-drawer-2-1-1-700x342.webp 700w, https:\/\/riowater.com.tr\/wp-content\/uploads\/2021\/08\/wooden-single-drawer-2-1-1-150x73.webp 150w\" sizes=\"(max-width: 763px) 100vw, 763px\" \/>\t\t\t\t\t\t\t\t\t\t\t\t\t\t\t<\/div>\n\t\t\t\t<\/div>\n\t\t\t\t<\/div>\n\t\t\t\t\t<\/div>\n\t\t\t\t<\/div>\n\t\t\t\t<\/div>\n\t\t","protected":false},"excerpt":{"rendered":"<p>Rio Water, su ar\u0131tma teknolojilerinde yenilik\u00e7i \u00e7izgisiyle dikkat \u00e7eken markam\u0131z, \u015fimdi yepyeni 5 a\u015famal\u0131 tak \u00e7evir filtrasyon sistemiyle kompakt su ar\u0131tma cihaz\u0131 ile gelece\u011fi evinize ta\u015f\u0131yor. Estetik ve ergonomiyi bir araya getiren futuristik tasar\u0131m\u0131, minimal alanlarda maksimum verim sa\u011fl\u0131yor.<\/p>\n","protected":false},"featured_media":27916,"comment_status":"open","ping_status":"closed","template":"","meta":[],"product_brand":[110],"product_cat":[20],"product_tag":[104],"class_list":{"0":"post-28025","1":"product","2":"type-product","3":"status-publish","4":"has-post-thumbnail","6":"product_brand-rio-water","7":"product_cat-su-aritma-cihazlari","8":"product_tag-takcevir-yesil-elit-5-asamali-su-aritma-cihazi-pompali","10":"first","11":"instock","12":"shipping-taxable","13":"purchasable","14":"product-type-simple"},"_links":{"self":[{"href":"https:\/\/riowater.com.tr\/index.php\/wp-json\/wp\/v2\/product\/28025","targetHints":{"allow":["GET"]}}],"collection":[{"href":"https:\/\/riowater.com.tr\/index.php\/wp-json\/wp\/v2\/product"}],"about":[{"href":"https:\/\/riowater.com.tr\/index.php\/wp-json\/wp\/v2\/types\/product"}],"replies":[{"embeddable":true,"href":"https:\/\/riowater.com.tr\/index.php\/wp-json\/wp\/v2\/comments?post=28025"}],"version-history":[{"count":1,"href":"https:\/\/riowater.com.tr\/index.php\/wp-json\/wp\/v2\/product\/28025\/revisions"}],"predecessor-version":[{"id":28026,"href":"https:\/\/riowater.com.tr\/index.php\/wp-json\/wp\/v2\/product\/28025\/revisions\/28026"}],"wp:featuredmedia":[{"embeddable":true,"href":"https:\/\/riowater.com.tr\/index.php\/wp-json\/wp\/v2\/media\/27916"}],"wp:attachment":[{"href":"https:\/\/riowater.com.tr\/index.php\/wp-json\/wp\/v2\/media?parent=28025"}],"wp:term":[{"taxonomy":"product_brand","embeddable":true,"href":"https:\/\/riowater.com.tr\/index.php\/wp-json\/wp\/v2\/product_brand?post=28025"},{"taxonomy":"product_cat","embeddable":true,"href":"https:\/\/riowater.com.tr\/index.php\/wp-json\/wp\/v2\/product_cat?post=28025"},{"taxonomy":"product_tag","embeddable":true,"href":"https:\/\/riowater.com.tr\/index.php\/wp-json\/wp\/v2\/product_tag?post=28025"}],"curies":[{"name":"wp","href":"https:\/\/api.w.org\/{rel}","templated":true}]}}